 17. Let k be a(-10). Calculate the highest common factor of 8 and k.
1
Suppose 4*n = -4*i + 592, 0 = -2*n + 17*i - 21*i + 294. What is the greatest common divisor of n and 4619?
149
Let w(j) = -11*j - 11. Let q be w(-4). What is the greatest common divisor of q and 11?
11
Suppose 0 = o + 10 - 13. Suppose -o*p + 165 = -0*p. What is the greatest common divisor of 33 and p?
11
Let h = 1 + 8. Let k = h - 2. Let p = 3 - 2. Calculate the highest common divisor of p and k.
1
Let g(r) = 6*r**2 + 2*r + 2. Let s be g(-2). Let l = s - -62. Let b = 164 - l. What is the greatest common factor of b and 20?
20
Suppose -2*k = -5*k. Let g be 9 - (-1 + 1 + k). Let b be (24/20)/(4/30). What is the highest common divisor of b and g?
9
Let w(j) = 2*j**2 + 75. Let d be w(0). Let k = 40 - d. Let b be (-10)/(-2 + k/(-18)). Calculate the highest common divisor of b and 20.
20
Suppose k + 52 = 4*z, 3*z + 6 = 2*k + 50. Suppose -16 = z*d - 13*d. Calculate the highest common factor of d and 2.
2
Let m be 3 - (-80)/2 - 3. Let z be 3/(-2) - (-940)/m. What is the highest common divisor of z and 55?
11
Let c = -22 - -47. Suppose 5*s - c = 0, 0 = -j - 4*j + s + 215. What is the highest common divisor of 11 and j?
11
Suppose 0 = -9*d + 4*d + 480. Let t = -33 + d. What is the greatest common divisor of 7 and t?
7
Let b(r) = r**3 - 7*r**2 + 8*r - 1. Let m be b(6). Let q be 4/14 - (-456)/21. Let t = m + q. What is the highest common factor of t and 3?
3
Let n = 273 - -47. What is the greatest common factor of n and 16?
16
Let a = -48 + 111. Let q = 281 + -239. Calculate the greatest common divisor of q and a.
21
Suppose -4*a + 7*a = -k + 8, 4*a = 4. Suppose 108 = k*q + 23. Calculate the greatest common divisor of 17 and q.
17
Let o(f) = 7*f**2 - 3*f + 11. Let j be o(2). Calculate the highest common factor of j and 517.
11
Suppose -c - r = 7 - 47, -2*r = -3*c + 100. Suppose 0 = -6*y - c + 246. What is the greatest common divisor of y and 5?
5
Let a(c) = -3*c - 12. Let p be a(-5). Let h(m) = -2 + m + 0 - p*m + 3*m**2 + 4*m. Let z be h(-5). Calculate the greatest common divisor of 9 and z.
9
Let z(j) = -j**3 + 8*j**2 - 4*j - 16. Let t be z(7). Suppose -t*n = 2*v + 15, 0 = v - 3*v - n + 5. Calculate the highest common divisor of v and 2.
1
Let l be 55 + 1*(-2 - -3). Suppose -l = t - 5*t. Suppose -c + 34 = -92. Calculate the greatest common factor of t and c.
14
Suppose 2*a - 1 = 4*b - 5*b, 5*b - 23 = -4*a. Let i be (-2)/((-7)/((-7)/2)). Let g = i + 2. What is the greatest common factor of b and g?
1
Let z be (-4)/(-6) - 136/(-3). Suppose 5*n - z = -11. Calculate the highest common divisor of 70 and n.
7
Let x be -17 - -14 - (11 + -1). Suppose 5*c + 20 = 0, -2*a + 4*c + 58 = 5*c. Let d = a + x. Calculate the greatest common divisor of 6 and d.
6
Let d(o) = 10*o - 187. Let c(g) = 10*g - 187. Let z(m) = -5*c(m) + 4*d(m). Let b be z(0). What is the highest common divisor of 17 and b?
17
Suppose 3*q = -4*a - 694, 5*a + 5*q + 1077 = 207. Let h = 289 + a. Calculate the highest common divisor of h and 13.
13
Suppose 148 = 2*o - 146. Suppose y = -3*d + o, -34 = -2*d + 3*y + 53. What is the greatest common divisor of d and 120?
24
Let d(u) = u**2 - 4*u - 6. Let t be d(-3). Suppose 2*x - 266 = -4*z, -2*x - 6*z = -3*z - 267. What is the highest common factor of x and t?
15
Let m(n) = n - 9. Let s be m(13). Suppose s*p = -2*p + 36. Calculate the greatest common divisor of 18 and p.
6
Suppose -6*l + 5*l = -41. Suppose 4*d + l - 141 = 0. Calculate the greatest common divisor of d and 25.
25
Suppose 0 = -30*g + 36*g - 252. What is the highest common divisor of 378 and g?
42
Suppose 147 = -b + 4*c - 87, -2*b + 2*c = 474. Let q be (-2 - 0)/(4/b). Let w(x) = 12*x - 79. Let p be w(8). What is the greatest common factor of q and p?
17
Suppose -1291 = 2*a - 1351. What is the greatest common divisor of 930 and a?
30
Let z = 1011 - 931. Calculate the greatest common divisor of 10 and z.
10
Let m be -140*(1*1/(-3) + 65/(-156)). Suppose -26 = -2*v + 2*f, 5*v + 4*f - 7*f - 69 = 0. Calculate the highest common divisor of v and m.
15
Let q(s) = 2*s**2 - 30*s - 84. Let p be q(19). What is the highest common divisor of 170 and p?
34
Let a(j) = 15*j**2 + j - 1. Let k be a(1). Let w = 64 + 47. Let y = 171 - w. Calculate the greatest common factor of k and y.
15
Suppose 2*v = 5 - 3. Suppose b - 12 = t + 4*b, -t - b - 2 = 0. What is the greatest common divisor of t and v?
1
Let g(f) = 4*f**3 - f. Let o be g(1). Suppose -3*v + 3 + o = 0. Suppose 20 - 4 = 2*z. What is the greatest common factor of z and v?
2
Let k be -4 + 3 - (-717)/3. Let r = k + -154. Suppose 2*o + f = 2*f + 68, -r = -3*o - 3*f. Calculate the highest common divisor of o and 4.
4
Let a(q) = q + 3*q - 9 - 19 + q. Let t be a(12). Let d be 2 - (2 + 0 + -80). Calculate the greatest common factor of d and t.
16
Suppose -15 + 60 = 3*s. Suppose 81 = 4*j - 2*k - 15, -109 = -5*j - 3*k. Suppose 3*y + 8 = j. What is the highest common factor of y and s?
5
Suppose 9*i = 6*i + 27. Suppose -3*f + i*f - 276 = 0. Calculate the greatest common divisor of 46 and f.
46
Let s(f) = 3*f**2 - 19*f - 6. Let v be s(9). Let m = -49 + v. What is the greatest common factor of 17 and m?
17
Let t = 2566 - 2556. Let k(b) = -b + 10. Let s be k(0). Calculate the highest common factor of s and t.
10
Let i be 524/8*1 + 2/4. Let p = i - 59. What is the greatest common divisor of 35 and p?
7
Let u(i) = 9*i + 7. Let w be u(2). What is the highest common factor of 375 and w?
25
Suppose -24*s + 1200 = -25*s. Let k be (1/(-2))/(5/s*4). Suppose -6*p = -p - 60. What is the greatest common divisor of p and k?
6
Suppose 0 = r + 4*i + 4, 4*r - 5*i = 104 - 36. What is the highest common factor of r and 42?
6
Let v(k) = k**3 + 8*k**2 - 4*k + 11. Let j be v(-7). What is the highest common divisor of j and 506?
22
Suppose -39*a - 1248 = -78*a. Calculate the greatest common divisor of a and 696.
8
Suppose 12*z = 7*z + 310. Suppose -10*r = -z - 108. Calculate the greatest common divisor of 85 and r.
17
Suppose -3*f + 29 = 5*d - 7, -2*d - 4*f = -6. Let r = 33 + -6. What is the greatest common divisor of d and r?
9
Suppose 8*o = 10*o - 150. What is the highest common factor of o and 100?
25
Let b(m) = -9*m - 28. Let s be b(-8). Suppose -s*l + 210 = -38*l. What is the greatest common divisor of l and 315?
35
Let q = -11 - -14. Suppose -3*x - 90 = -3*m, 2*m - 50 = 3*x + 7. Calculate the highest common divisor of q and m.
3
Let n be (-7)/((-49)/1561) + -1 + 2. Let d = 32 - 4. What is the greatest common factor of d and n?
28
Suppose -4*q + 15 = q. Suppose 3*c = q*d - 84, -2*c = d - 6 - 7. Suppose -3*s + 173 = -34. What is the highest common divisor of s and d?
23
Suppose -10*m = 3*m - 247. What is the highest common divisor of 57 and m?
19
Suppose 32 = 14*p + 4. Suppose -p*t = -m - 3*m - 150, 2*m = 4*t - 282. What is the highest common factor of t and 23?
23
Let u(b) = b**2 - 3*b + 1. Let n be u(2). Let j be n - -1*(-12)/(-3). Suppose -4*p = 3*a + 2*a - 6, -j*a = 6. Calculate the greatest common factor of 2 and p.
2
Let c = 58 - -730. Suppose -c = -8*x + 4*x. Suppose -3*y + x = -67. Calculate the greatest common factor of y and 8.
8
Let z = 1336 + -1028. Calculate the highest common factor of 56 and z.
28
Let w(j) = 2*j - 4. Let m be w(5). Suppose 4*f - m*q = -2*q + 132, -78 = -3*f - 4*q. Calculate the highest common factor of f and 15.
15
Suppose -2*t - 3*t = -5. Suppose a - 5 + t = 0, -3*k = 5*a - 152. Let c be ((-9)/(-6))/((-9)/(-24)). Calculate the highest common factor of k and c.
4
Let u = -57 + 60. Suppose -2*o = -u*m - 17, -2*o - 4 = -0*o + 4*m. What is the highest common factor of 8 and o?
4
Let u = 2 + -3. Let t(f) be the third derivative of 5*f**5/12 + f**3/6 + 122*f**2. Let h be t(u). Calculate the highest common divisor of 260 and h.
26
Suppose 0 = -10*w + 12*w - 108. Let g(u) = 10*u**2 - 8*u + 15. Let n be g(3). What is the greatest common divisor of n and w?
27
Suppose -2*s + 3*h = -167, -2*s + 80*h - 81*h = -187. What is the highest common factor of s and 39?
13
Suppose 0 = -5*d + 7*d + 3*p - 33, 4*d - 26 = 2*p. What is the highest common divisor of d and 12?
3
Let h = 201 - 105. Let j = 102 - h. What is the greatest common divisor of j and 30?
6
Let t(i) = -29*i - 18. Let o be t(-9). Su